{"id":227,"date":"2024-02-28T12:54:15","date_gmt":"2024-02-28T12:54:15","guid":{"rendered":"https:\/\/fruehjahrsakademie.koeln\/?page_id=227"},"modified":"2025-04-28T08:18:13","modified_gmt":"2025-04-28T08:18:13","slug":"sponsoren","status":"publish","type":"page","link":"https:\/\/fruehjahrsakademie.koeln\/?page_id=227","title":{"rendered":"Sponsoren"},"content":{"rendered":"\t\t<div data-elementor-type=\"wp-page\" data-elementor-id=\"227\" class=\"elementor elementor-227\" data-elementor-post-type=\"page\">\n\t\t\t\t\t\t<section class=\"elementor-section elementor-top-section elementor-element elementor-element-c48571a elementor-section-boxed elementor-section-height-default elementor-section-height-default\" data-id=\"c48571a\" data-element_type=\"section\" data-e-type=\"section\">\n\t\t\t\t\t\t<div class=\"elementor-container elementor-column-gap-default\">\n\t\t\t\t\t<div class=\"elementor-column elementor-col-100 elementor-top-column elementor-element elementor-element-685ed4f\" data-id=\"685ed4f\" data-element_type=\"column\" data-e-type=\"column\">\n\t\t\t<div class=\"elementor-widget-wrap elementor-element-populated\">\n\t\t\t\t\t\t<div class=\"elementor-element elementor-element-8111a77 elementor-widget elementor-widget-text-editor\" data-id=\"8111a77\" data-element_type=\"widget\" data-e-type=\"widget\" data-widget_type=\"text-editor.default\">\n\t\t\t\t<div class=\"elementor-widget-container\">\n\t\t\t\t\t\t\t\t\t<h3>Sie m\u00f6chten Sponsor bei der Fr\u00fchjahrsakademie 2026 sein?<\/h3><div>Bitte richten Sie Ihre Anfrage per E-Mail an Frau Theresia Br\u00fcckner unter tb@ecm-koeln.com.<\/div>\t\t\t\t\t\t\t\t<\/div>\n\t\t\t\t<\/div>\n\t\t\t\t\t<\/div>\n\t\t<\/div>\n\t\t\t\t\t<\/div>\n\t\t<\/section>\n\t\t\t\t<\/div>\n\t\t","protected":false},"excerpt":{"rendered":"<p>Sie m\u00f6chten Sponsor bei der Fr\u00fchjahrsakademie 2026 sein? Bitte richten Sie Ihre Anfrage per E-Mail an Frau Theresia Br\u00fcckner unter tb@ecm-koeln.com.<\/p>\n","protected":false},"author":1,"featured_media":0,"parent":0,"menu_order":0,"comment_status":"closed","ping_status":"closed","template":"","meta":{"footnotes":""},"class_list":["post-227","page","type-page","status-publish","hentry"],"aioseo_notices":[],"_links":{"self":[{"href":"https:\/\/fruehjahrsakademie.koeln\/index.php?rest_route=\/wp\/v2\/pages\/227","targetHints":{"allow":["GET"]}}],"collection":[{"href":"https:\/\/fruehjahrsakademie.koeln\/index.php?rest_route=\/wp\/v2\/pages"}],"about":[{"href":"https:\/\/fruehjahrsakademie.koeln\/index.php?rest_route=\/wp\/v2\/types\/page"}],"author":[{"embeddable":true,"href":"https:\/\/fruehjahrsakademie.koeln\/index.php?rest_route=\/wp\/v2\/users\/1"}],"replies":[{"embeddable":true,"href":"https:\/\/fruehjahrsakademie.koeln\/index.php?rest_route=%2Fwp%2Fv2%2Fcomments&post=227"}],"version-history":[{"count":20,"href":"https:\/\/fruehjahrsakademie.koeln\/index.php?rest_route=\/wp\/v2\/pages\/227\/revisions"}],"predecessor-version":[{"id":582,"href":"https:\/\/fruehjahrsakademie.koeln\/index.php?rest_route=\/wp\/v2\/pages\/227\/revisions\/582"}],"wp:attachment":[{"href":"https:\/\/fruehjahrsakademie.koeln\/index.php?rest_route=%2Fwp%2Fv2%2Fmedia&parent=227"}],"curies":[{"name":"wp","href":"https:\/\/api.w.org\/{rel}","templated":true}]}}